the hundred millions digit of 116338582?
1
What is the ten millions digit of 61636027?
6
What is the thousands digit of 1214680207?
0
What is the ten millions digit of 4540899012?
4
What is the hundred millions digit of 953144819?
9
What is the millions digit of 855792426?
5
What is the hundred thousands digit of 45805266?
8
What is the millions digit of 15458300?
5
What is the thousands digit of 150080528?
0
What is the tens digit of 696906554?
5
What is the thousands digit of 4735028?
5
What is the millions digit of 56532127?
6
What is the units digit of 1008369405?
5
What is the hundred thousands digit of 2743381?
7
What is the millions digit of 58905240?
8
What is the ten thousands digit of 49896472?
9
What is the ten thousands digit of 154360514?
6
What is the ten thousands digit of 3621951643?
5
What is the ten thousands digit of 71246938?
4
What is the tens digit of 255499041?
4
What is the tens digit of 82962286?
8
What is the tens digit of 2612161922?
2
What is the hundred millions digit of 375239360?
3
What is the hundreds digit of 7579230?
2
What is the units digit of 1890291197?
7
What is the ten thousands digit of 533569216?
6
What is the hundred millions digit of 294382785?
2
What is the units digit of 3350538?
8
What is the ten millions digit of 1340768212?
4
What is the thousands digit of 30898155?
8
What is the thousands digit of 1550935148?
5
What is the tens digit of 3121387001?
0
What is the ten thousands digit of 888702572?
0
What is the units digit of 654436249?
9
What is the hundred thousands digit of 110717444?
7
What is the tens digit of 16578169?
6
What is the billions digit of 6582104226?
6
What is the units digit of 30300078?
8
What is the units digit of 187403130?
0
What is the hundred millions digit of 2090158873?
0
What is the ten millions digit of 91981500?
9
What is the thousands digit of 71545949?
5
What is the ten millions digit of 2313334117?
1
What is the hundreds digit of 3216216340?
3
What is the millions digit of 246964060?
6
What is the thousands digit of 402488575?
8
What is the units digit of 35172414?
4
What is the hundred thousands digit of 526054796?
0
What is the hundred thousands digit of 3446953863?
9
What is the thousands digit of 10501146?
1
What is the units digit of 395303290?
0
What is the ten millions digit of 298765481?
9
What is the tens digit of 58389523?
2
What is the ten thousands digit of 82346439?
4
What is the millions digit of 1093495011?
3
What is the tens digit of 53903166?
6
What is the hundreds digit of 1026958677?
6
What is the units digit of 2215622924?
4
What is the ten thousands digit of 491756795?
5
What is the hundred thousands digit of 15833965?
8
What is the ten thousands digit of 2943749144?
4
What is the tens digit of 114051412?
1
What is the hundreds digit of 340871918?
9
What is the tens digit of 665512972?
7
What is the hundred thousands digit of 79451693?
4
What is the ten millions digit of 271899553?
7
What is the units digit of 12200710?
0
What is the hundred thousands digit of 489035790?
0
What is the tens digit of 945488413?
1
What is the hundreds digit of 638869636?
6
What is the units digit of 194461983?
3
What is the hundreds digit of 35324217?
2
What is the ten millions digit of 372791795?
7
What is the hundreds digit of 4106066?
0
What is the millions digit of 124942736?
4
What is the hundred thousands digit of 904381601?
3
What is the ten millions digit of 2280035612?
8
What is the ten millions digit of 21566507?
2
What is the millions digit of 2039651259?
9
What is the hundred thousands digit of 1432248795?
2
What is the hundred millions digit of 434456783?
4
What is the units digit of 67146518?
8
What is the thousands digit of 48298235?
8
What is the millions digit of 1551498489?
1
What is the millions digit of 6940639354?
0
What is the hundreds digit of 78618999?
9
What is the units digit of 1576934846?
6
What is the hundred thousands digit of 906177319?
1
What is the ten millions digit of 1128817843?
2
What is the ten thousands digit of 2698605750?
0
What is the hundred thousands digit of 411380929?
3
What is the ten thousands digit of 69436701?
3
What is the ten millions digit of 113303552?
1
What is the ten thousands digit of 15200381?
0
What is the units digit of 55441611?
1
What is the hundred millions digit of 265401231?
2
What is the hundred thousands digit of 290342695?
3
What is the units digit of 433513931?
1
What is the ten millions digit of 174676997?
7
What is the ten thousands digit of 173898890?
9
What is the millions digit of 35534627?
5
What is the billions digit of 5257076757?
5
What is the millions digit of 164089460?
4
What is the millions digit of 750739571?
0
What is the millions digit of 1913254229?
3
What is the hundreds digit of 245051119?
1
What is the tens digit of 323766447?
4
What is the thousands digit of 33243183?
3
What is the units digit of 6770579841?
1
What is the tens digit of 862867945?
4
What is the hundred millions digit of 3278039888?
2
What is the hundred thousands digit of 1512561582?
5
What is the millions digit of 299389047?
9
What is the thousands digit of 682413244?
3
What is the hundreds digit of 538713998?
9
What is the hundreds digit of 13191773?
7
What is the thousands digit of 100874144?
4
What is the tens digit of 302552613?
1
What is the units digit of 794445338?
8
What is the units digit of 39374767?
7
What is the ten millions digit of 104083190?
0
What is the hundreds digit of 195341391?
3
What is the ten millions digit of 989399960?
8
What is the hundred millions digit of 3448610957?
4
What is the hundred thousands digit of 582360208?
3
What is the thousands digit of 435385148?
5
What is the thousands digit of 87094967?
4
What is the billions digit of 2395784340?
2
What is the tens digit of 16797419?
1
What is the ten millions digit of 1693151793?
9
What is the units digit of 399888441?
1
What is the hundred thousands digit of 4695653771?
6
What is the thousands digit of 18965658?
5
What is the thousands digit of 96640610?
0
What is the tens digit of 41610947?
4
What is the hundred millions digit of 4037283997?
0
What is the hundred thousands digit of 78276500?
2
What is the millions digit of 30999763?
0
What is the millions digit of 44283538?
4
What is the hundred millions digit of 218889261?
2
What is the hundred millions digit of 4239424874?
2
What is the hundred thousands digit of 80722465?
7
What is the millions digit of 399268172?
9
What is the hundreds digit of 269508638?
6
What is the ten millions digit of 52768153?
5
What is the ten thousands digit of 259896500?
9
What is the billions digit of 1971406202?
1
What is the hundred thousands digit of 1352555932?
5
What is the billions digit of 1641052458?
1
What is the tens digit of 315007424?
2
What is the units digit of 32275018?
8
What is the billions digit of 2010879827?
2
What is the thousands digit of 4053212436?
2
What is the millions digit of 194682674?
4
What is the tens digit of 112610193?
9
What is the units digit of 533833451?
1
What is the hundred millions digit of 147813172?
1
What is the ten millions digit of 41161978?
4
What is the millions digit of 147315004?
7
What is the tens digit of 80501106?
0
What is the millions digit of 2968064646?
8
What is the tens digit of 46130204?
0
What is the ten thousands digit of 3736873692?
7
What is the units digit of 79566590?
0
What is the ten thousands digit of 29040520?
4
What is the tens digit of 3856417593?
9
What is the millions digit of 127033658?
7
What is the hundred millions digit of 869231318?
8
What is the hundred millions digit of 3405873810?
4
What is the hundreds digit of 301300210?
2
What is the tens digit of 945762073?
7
What is the millions digit of 74053057?
4
What is the units digit of 866138517?
7
What is the units digit of 144465788?
8
What is the hundred thousands digit of 195569446?
5
What is the ten millions digit of 187655152?
8
What is the units digit of 600399935?
5
What is the hundred thousands digit of 13472531?
4
What is the ten millions digit of 829002243?
2
What is the tens digit of 363501362?
6
What is the thousands digit of 2391752372?
2
What is the hundred thousands digit of 3797426?
7
What is the millions digit of 577745066?
7
What is the ten mill